st the prime factors of ((-9)/(-2) - 0)*2.
3
Let l = -13 + 195. List the prime factors of l.
2, 7, 13
Let d be 2685/35 - (-4)/14. Suppose 5*h = 3*k + d, 4*k + 1 - 5 = 0. What are the prime factors of h?
2
Suppose 0 = -i + a + 264 - 82, 4*i - 3*a = 729. List the prime factors of i.
3, 61
Suppose -w - 4 + 1 = 0. What are the prime factors of 68/6*w/(-2)?
17
Let w = 6 - 3. Let b = 1 + w. Suppose -5*f + 17 = d, 2*f - 51 = -b*d - f. List the prime factors of d.
2, 3
Let z be ((-2 - -6) + -2)*1. Let a(w) = w + 11. Let y be a(0). Let g = z + y. List the prime factors of g.
13
Suppose 2*k = 5*k - 66. Let m be (k + 2)*3/3. Suppose -4*f - m = -3*w, -2*f + 15 = 4*w + 5. What are the prime factors of w?
2
What are the prime factors of 69 - (6/(-3) - -3)?
2, 17
Suppose -y = -v - 6*y + 56, 0 = -v - y + 60. List the prime factors of v.
61
Let z(m) = -40*m + 6. Let n be 115/20 + 2/8. Let o be z(n). What are the prime factors of ((-4)/(-6))/((-12)/o)?
13
Let y = -150 + 381. What are the prime factors of y?
3, 7, 11
Let k(h) = 6*h - 2. Let m be k(2). Suppose 0 = p - m + 4. Suppose -3*f + p*f = 21. What are the prime factors of f?
7
Let z(l) = -l**2 + 4*l + 4. Let h be z(4). Suppose 0 = -y + h*i + 66, -2*i - 6 = -0*i. What are the prime factors of y?
2, 3
Let g = -32 + 29. List the prime factors of 305/30 + g/18.
2, 5
Let f(a) be the first derivative of -7*a**2 - a - 2. What are the prime factors of f(-2)?
3
Suppose -19 = -3*k + 41. Suppose -2*y - 3*y + k = 0. Suppose 5*r = -3*w + 67, -w + 87 = y*w - 4*r. What are the prime factors of w?
19
Let j = 279 - 178. What are the prime factors of j?
101
Suppose f = -0*f + 18. What are the prime factors of f?
2, 3
Let a(c) = -4*c - 2. Let k(s) = 7*s + 4. Let n(r) = -5*a(r) - 3*k(r). Let h be n(-8). Let t = h + -4. What are the prime factors of t?
2
Let c be 212/(-16) + (-1)/(-4). Let o = -7 - c. Suppose -28 = 2*i - 6*i + 5*h, i + 2*h + o = 0. List the prime factors of i.
2
Suppose -4*b = -4*u - 26 - 6, 4 = -u - b. Suppose -3 - 2 = -5*i. List the prime factors of (i + u)*12/(-20).
3
Let i(d) = d**2 + 8*d + 12. List the prime factors of i(-8).
2, 3
Let r(t) = 3*t**2 + 2*t. Let m = -7 - -12. Suppose -7 = m*u + 3. What are the prime factors of r(u)?
2
Suppose 2*h + 3*h = 3*l - 2, l + 2 = h. Suppose 4*a - 2 = 6. What are the prime factors of a/l - 31/(-3)?
2, 5
Let g = 337 - 240. What are the prime factors of g?
97
Let c = 3 - 3. Suppose c = 5*m - 2*m + 4*r - 10, 2*r = -2*m + 6. What are the prime factors of m?
2
What are the prime factors of (-1 - (-916)/(-16))/((-1)/4)?
233
Suppose -2*i + 3*i + 3*o + 21 = 0, 42 = -i + 4*o. What are the prime factors of (26/6)/((-10)/i)?
13
Let f(g) = -g**2 + 7*g + 14. Let s be f(10). Let n be ((-2)/4)/((-4)/264). Let u = n + s. List the prime factors of u.
17
Let k = -60 - -66. What are the prime factors of k?
2, 3
Let o(k) = -13*k - 43. List the prime factors of o(-8).
61
Suppose -4*a = -k - 511, 5*a + 0*k - 638 = k. List the prime factors of a.
127
Let d(k) = 13*k**3 + 2*k**2 + k - 5. List the prime factors of d(2).
109
Let t = 11 - -1. Suppose t = 2*z - 4*w, -7*w + 58 = 5*z - 3*w. List the prime factors of z.
2, 5
Let y(s) be the first derivative of -29*s**4/4 + 2*s**3/3 + s**2 + s + 7. What are the prime factors of y(-1)?
2, 3, 5
Let j = -3 + -12. Let s = j - -45. What are the prime factors of s?
2, 3, 5
Suppose 2*y - g = 2, 31 = 5*y + g + 12. Suppose -d + 5 = 3*x, -y*x - d + 3*d - 10 = 0. Suppose x*b = 4*b - 32. List the prime factors of b.
2
Let g(c) = -c**3 + 8*c**2 + 24*c - 12. What are the prime factors of g(8)?
2, 3, 5
Let z(n) = -4*n**3 - 8*n**2 - 3*n - 8. Let o(x) = -3*x**3 - 9*x**2 - 2*x - 8. Let l(u) = -3*o(u) + 2*z(u). What are the prime factors of l(-11)?
2
Let o(f) = f**2 - 4*f - 15. Let g be o(7). Suppose 131 = g*y - 19. List the prime factors of y.
5
Let c = -5 + -2. Let p = c - -10. Let u = p + 1. What are the prime factors of u?
2
Let k = -23 + 100. List the prime factors of k.
7, 11
What are the prime factors of 5/(-20) + (-1 - (-45)/4)?
2, 5
Suppose 5*g - 19 = 1. Let h(l) = 2*l**2 - 4*l + 3. List the prime factors of h(g).
19
Let w = 6 - 4. Suppose 5*r + 0*x - 35 = 2*x, -w*x = -4*r + 26. What are the prime factors of r?
3
Let f(x) = x**3 + x**2 + 14. What are the prime factors of f(0)?
2, 7
Let s = 9 + -4. Suppose s*c - 3*c = 0, -n - 2*c + 35 = 0. List the prime factors of n.
5, 7
Let f(r) = -r**2 + 5*r + 22. What are the prime factors of f(7)?
2
Let v(y) = y - 3. Let r be v(0). Let u = r + 5. List the prime factors of u.
2
Let b(w) = 51*w**2 + 2*w + 1. What are the prime factors of b(-1)?
2, 5
Let i(v) be the third derivative of 3*v**6/20 + v**5/60 - v**4/12 + v**3/6 + v**2. List the prime factors of i(1).
2, 3
Suppose 3*w - w = -2. What are the prime factors of (w + -1)/((-4)/78)?
3, 13
Suppose 2 = -w + 4*m, 0*m = 2*w - 4*m. Let r(d) = -3*d**2 + w + 4*d + 3*d**2 - 9 + d**3 + 8*d**2. What are the prime factors of r(-7)?
2, 7
Let b(i) be the first derivative of 2*i**4 + i**2/2 + 3. List the prime factors of b(1).
3
Let c = 11 + -6. Suppose 4*k - 10 + 2 = 0. Suppose p + y = c*p - 48, -38 = -k*p + 4*y. What are the prime factors of p?
11
Suppose 3*o + 5 - 20 = 0. Suppose o*g = -63 + 208. List the prime factors of g.
29
Suppose m + 41 - 132 = 0. What are the prime factors of m?
7, 13
Let s = -77 + 131. What are the prime factors of s?
2, 3
List the prime factors of ((-1)/(-2))/((-5)/(-290)).
29
Suppose 0 = 2*i - 1 - 5. Let d be (4 + -2)*(1 - i). List the prime factors of 18/24 - 9/d.
3
Let n(y) = 22*y - 3. Let l be n(2). Let m = l - 27. What are the prime factors of m?
2, 7
Let g be ((-36)/(-15))/(12/40). Let c = g - -31. List the prime factors of c.
3, 13
Let v = -4 - -6. Let y(j) = -5*j**v + 2*j**3 + 0*j**2 - j**3 + 6. List the prime factors of y(5).
2, 3
Let t(j) be the second derivative of -2*j**3/3 - 3*j**2 + 2*j. Suppose -2*f - 3 - 5 = 0. What are the prime factors of t(f)?
2, 5
Let i = -8 + 19. What are the prime factors of i?
11
Let t(c) = 317*c. Let a be t(-3). Let o be (-4)/(-14) - a/(-21). What are the prime factors of 32/(-20)*o/6?
2, 3
Suppose -3*d - 20 - 10 = -2*c, 2*c + d - 46 = 0. List the prime factors of c.
3, 7
Suppose y + 2*y - 9 = 0, -5*l - 8 = -y. Let f = 18 + -23. List the prime factors of 16/((-3 - f) + l).
2
Let r = -8 - -39. List the prime factors of r.
31
Let o(k) = -3 + 12 - 3*k + 4*k. Let d(s) = 1. Let w(h) = -2*d(h) + o(h). List the prime factors of w(0).
7
Let f(b) = -b**2 + 7*b + 3. Let c be ((-4)/6)/((-2)/21). List the prime factors of f(c).
3
Let d(b) = -b**3 - 6*b**2 + 6. Let z be d(-6). Suppose -2*g = -z - 0. List the prime factors of g.
3
Suppose -2*x + 0*x + 76 = 0. What are the prime factors of ((-21)/(-6) - 3)*x?
19
Suppose -3*y - 3*f = 15, -3*y - 16 = -5*f - 1. Let l = y + -18. Let w = l - -32. What are the prime factors of w?
3
Let l = 239 + -115. List the prime factors of l.
2, 31
Suppose -5*f = -9 - 1. Suppose -3*i - q + 17 = -27, 5*i = -f*q + 73. What are the prime factors of i?
3, 5
Let h(b) = b + 12. Let p be h(-10). Suppose -5*t = -3*k - 16, 2 = 4*k - p*t - 0. List the prime factors of ((-12)/5)/(k/(-15)).
2, 3
Let i(z) = 10*z**2 - z - 1. Let a be i(-2). Suppose 1 = -4*c + a. What are the prime factors of c?
2, 5
Suppose -6*t = -1449 + 303. List the prime factors of t.
191
Let g(c) = c**3 - 8*c**2 - 9*c + 1. Let j be g(9). Let k be 13/(-3)*(-3)/j. Let b = -5 + k. What are the prime factors of b?
2
Let x(y) = -y**3 + y**2 + 3. Let w be x(0). Suppose -2*l + 4 = -j - w*j, -3*l = j - 27. List the prime factors of l.
2
Suppose -o + u + 3 = 2*u, 5*o - 15 = -u. Suppose -5*l = -l - w - 30, -o*l = 5*w - 34. Suppose i = l - 1. List the prime factors of i.
7
Let l(r) = -r**3 + 9*r**2 - 8*r - 2. List the prime factors of l(7).
2, 5
Let y = -7 - -8. Let f = y - 4. Let o = 8 - f. What are the prime factors of o?
11
Suppose 466 + 185 = 7*t. List the prime factors of t.
3, 31
Suppose 5*t - u - 22 - 6 = 0, -4*u = 12. Let v(o) = -o**2 + 6*o + 3. Let a be v(t). Let z = -4 + a. List the prime factors of z.
2
Let l = -3 + 2. Let g = -16 + 26. Let y = g - l. What are the prime factors of y?
11
Let z = 61 - 34. Let d = z - 15. List the prime factors of d.
2, 3
Let r(o) = o - 3. Suppose 0 = -b - 2*b + 9. Suppose -3*w + 2*h + 13 = 0, -2*w + 26